{"id":12064,"date":"2019-08-19T18:33:35","date_gmt":"2019-08-19T22:33:35","guid":{"rendered":"http:\/\/www.immigrationli.com\/spanish\/?page_id=12064"},"modified":"2026-04-16T19:21:11","modified_gmt":"2026-04-16T23:21:11","slug":"green-card-ciudadania-peticiones-basadas-en-la-familia","status":"publish","type":"page","link":"https:\/\/www.immigrationli.com\/spanish\/green-card-ciudadania-peticiones-basadas-en-la-familia\/","title":{"rendered":"Tarjeta Verde, Ciudadan\u00eda y Peticiones Basadas en la Familia"},"content":{"rendered":"<div class=\"push\" ><\/div>\n<div class=\"row \"><div class=\"wpv-grid grid-1-1  wpv-first-level first unextended\" style=\"padding-top:0px;padding-bottom:0px\" id=\"wpv-column-9a5c179d292e7e07fc17711f24e2da36\" ><h3>Tarjeta Verde, Ciudadan\u00eda y Peticiones Basadas en la Familia<br \/>\n<div class=\"push\" style='height:20px'><\/div><\/h3>\n<p>El ajuste del alivio de estatus a menudo llamado &#8220;Tarjetas Verdes&#8221; o &#8220;Tarjetas de Residencia Permanente&#8221;, permite a aquellos de otros pa\u00edses vivir y trabajar en los Estados Unidos, a veces de forma permanente. Una persona con una tarjeta verde es un residente permanente en los Estados Unidos, que disfruta de muchos de los mismos derechos que los ciudadanos de los Estados Unidos. Las principales diferencias son que los residentes permanentes no pueden votar y pueden ser deportados por ciertos tipos de delitos. Puede obtener una tarjeta de residencia basada en su relaci\u00f3n familiar con un ciudadano o residente permanente de los Estados Unidos.<\/p>\n<p>Las solicitudes de tarjeta verde basadas en la familia est\u00e1n disponibles si tiene un familiar calificado, como un c\u00f3nyuge, hijo, padre o hermano, que est\u00e1 dispuesto a presentar una solicitud por usted. El miembro de la familia debe ser ciudadano de los Estados Unidos o residente permanente. Los familiares de ciudadanos de los Estados Unidos o ciudadanos naturalizados generalmente pueden emigrar antes que los familiares de los titulares de la tarjeta verde. Los c\u00f3nyuges y los hijos solteros generalmente pueden emigrar m\u00e1s r\u00e1pido que cualquier otro familiar. Los padres tambi\u00e9n pueden inmigrar, pero solo si su hijo es ciudadano de los Estados Unidos. Si bien los hermanos y hermanas de ciudadanos de los Estados Unidos pueden obtener la residencia permanente, el proceso generalmente es muy lento.<\/p>\n<p>Un titular de la tarjeta verde puede convertirse en ciudadano de los Estados Unidos cinco a\u00f1os despu\u00e9s de recibir esa tarjeta verde. Sin embargo, si un inmigrante recibi\u00f3 su residente permanente legal por matrimonio con un ciudadano de los Estados Unidos, y el inmigrante todav\u00eda est\u00e1 casado (y vive) con el mismo ciudadano de los Estados Unidos, entonces el inmigrante puede solicitar la naturalizaci\u00f3n tres meses antes del tercer aniversario de la obtenci\u00f3n de su primera tarjeta de residencia legal permanente. Si el inmigrante ya no est\u00e1 casado con el ciudadano de los Estados Unidos, entonces el inmigrante es elegible para solicitar la naturalizaci\u00f3n tres meses antes del quinto aniversario de obtener su primera tarjeta de residencia legal permanente. El proceso de naturalizaci\u00f3n incluye muchos pasos, incluida una entrevista y una breve prueba.<\/p>\n<p><span class=\"tlid-translation translation\" lang=\"es\" tabindex=\"-1\">Los siguientes son ejemplos de las aplicaciones de los archivos Monteiro &amp; Fishman LLP que buscan un ajuste de estado y un alivio de petici\u00f3n basada en la familia:<\/span><\/p>\n<ul>\n<li><span class=\"tlid-translation translation\" lang=\"es\" tabindex=\"-1\">Visas de prometido K-1 y posterior ajuste de estatus a residente permanente<\/span><\/li>\n<li><span class=\"tlid-translation translation\" lang=\"es\" tabindex=\"-1\">\u00a0El Formulario I-751 solicita la eliminaci\u00f3n de las condiciones de residencia permanente basadas en una presentaci\u00f3n conjunta de un matrimonio existente y la exenci\u00f3n del requisito de presentaci\u00f3n conjunta basado en un matrimonio terminado, abuso o dificultades<\/span><\/li>\n<li>Mociones y apelaciones a los Servicios de Ciudadan\u00eda e Inmigraci\u00f3n de EE. UU., La Junta de Apelaciones de Inmigraci\u00f3n, la Oficina de Apelaciones Administrativas y otras agencias y organismos gubernamentales de los Estados Unidos<\/li>\n<li>Formulario I-601 exenciones por dificultades extremas por motivos de inadmisibilidad, incluidos ciertos delitos, fraude o tergiversaci\u00f3n, y presencia ilegal<\/li>\n<li>Formulario I-601A exenciones provisionales de inadmisibilidad por presencia ilegal<\/li>\n<li>Solicitudes de permiso del Formulario I-212 para volver a solicitar la admisi\u00f3n a los Estados Unidos para aquellos que fueron expulsados (deportados) previamente de los Estados Unidos<\/li>\n<li>Auto-peticiones para v\u00edctimas de violencia dom\u00e9stica bajo la Ley de Violencia contra la Mujer (VAWA)<\/li>\n<li>Libertad condicional para c\u00f3nyuges, hijos y padres del personal militar de los Estados Unidos<\/li>\n<li>Solicitudes de documentos de autorizaci\u00f3n de empleo, libertad condicional anticipada, permisos de reingreso y otros beneficios de inmigraci\u00f3n de EE. UU.<\/li>\n<li>Respuestas a solicitudes de evidencia y avisos de intenci\u00f3n de denegaci\u00f3n de casos pendientes<\/li>\n<\/ul><\/div><\/div>\n<p style=\"text-align: left;\"><strong><span class=\"vamtam-font-style-2\">Otras Areas de Practica:<\/span><\/strong><\/p>\n<p style=\"text-align: left;\"><a href=\"https:\/\/www.immigrationli.com\/spanish\/peticion-de-asilo\/\"><span class=\"vamtam-font-style-2\">Petici\u00f3n de asilo \u2192 <\/span><\/a><br \/>\n<a href=\"https:\/\/www.immigrationli.com\/spanish\/estatus-especial-sijs-accion-diferida-daca\/\"><span class=\"vamtam-font-style-2\">Estatus Especial de Inmigrante Juvenil (SIJS) \u2192 <\/span><\/a><br \/>\n<a href=\"https:\/\/www.immigrationli.com\/spanish\/defensa-deportacion-expulsion\/\"><span class=\"vamtam-font-style-2\">Defensa de deportaci\u00f3n \/ expulsi\u00f3n \u2192 <\/span><\/a><\/p>\n","protected":false},"excerpt":{"rendered":"<p>Tarjeta Verde, Ciudadan\u00eda y Peticiones Basadas en la Familia El ajuste del alivio de estatus a menudo llamado &#8220;Tarjetas Verdes&#8221; o &#8220;Tarjetas de Residencia Permanente&#8221;, permite a aquellos de otros pa\u00edses vivir y trabajar en los Estados Unidos, a veces de forma permanente. Una persona con una tarjeta verde es un residente permanente en los&#8230;<\/p>\n","protected":false},"author":1,"featured_media":0,"parent":0,"menu_order":0,"comment_status":"closed","ping_status":"closed","template":"","meta":{"footnotes":""},"class_list":["post-12064","page","type-page","status-publish","hentry"],"_links":{"self":[{"href":"https:\/\/www.immigrationli.com\/spanish\/wp-json\/wp\/v2\/pages\/12064","targetHints":{"allow":["GET"]}}],"collection":[{"href":"https:\/\/www.immigrationli.com\/spanish\/wp-json\/wp\/v2\/pages"}],"about":[{"href":"https:\/\/www.immigrationli.com\/spanish\/wp-json\/wp\/v2\/types\/page"}],"author":[{"embeddable":true,"href":"https:\/\/www.immigrationli.com\/spanish\/wp-json\/wp\/v2\/users\/1"}],"replies":[{"embeddable":true,"href":"https:\/\/www.immigrationli.com\/spanish\/wp-json\/wp\/v2\/comments?post=12064"}],"version-history":[{"count":12,"href":"https:\/\/www.immigrationli.com\/spanish\/wp-json\/wp\/v2\/pages\/12064\/revisions"}],"predecessor-version":[{"id":12485,"href":"https:\/\/www.immigrationli.com\/spanish\/wp-json\/wp\/v2\/pages\/12064\/revisions\/12485"}],"wp:attachment":[{"href":"https:\/\/www.immigrationli.com\/spanish\/wp-json\/wp\/v2\/media?parent=12064"}],"curies":[{"name":"wp","href":"https:\/\/api.w.org\/{rel}","templated":true}]}}